What is the hundreds digit of o?
9
Suppose y + 0*t + 1 = 3*t, -3*y - 3 = -2*t. Let z = 6 + y. Suppose -8*v + 30 = -z*v. What is the units digit of v?
0
Let s(a) = 144*a + 580. What is the hundreds digit of s(10)?
0
Let r(s) = -2*s**3 - 63*s**2 - 37*s + 29. What is the hundreds digit of r(-31)?
2
Let d = -5 - -5. Let j(p) = -2 + 3*p**3 + d + 3*p - 2 - 3*p**2 + 2*p. What is the tens digit of j(2)?
1
Suppose -112*a + 129*a - 61710 = 0. What is the hundreds digit of a?
6
Suppose -5 = 5*o - 0. Let c(r) = 22*r**2 + 2*r + 1. Let u(q) = -q**2 - q - 1. Let l(f) = c(f) + 2*u(f). What is the tens digit of l(o)?
1
Suppose 0 = 24*k + 10466 - 36530. What is the tens digit of k?
8
Let n(v) = -v**3 - 4*v**2 + 16*v - 43. What is the hundreds digit of n(-12)?
9
Suppose -1880 + 94 = -2*p. What is the units digit of p?
3
Let m(z) = 4*z - 3 - 2*z + z - 4. Let w be m(4). Suppose -2*q - 58 = -3*o, 4*q - 46 = 2*o - w*o. What is the tens digit of o?
1
Let k(g) be the third derivative of -13*g**2 + 1/6*g**3 + 0*g + 0 - 5/8*g**4. What is the units digit of k(-3)?
6
What is the tens digit of 248 - (-1 + 9)/2?
4
Suppose -2*f = -6 + 4. Suppose -5*t = 5*h - 110, h + 13 - f = t. Suppose t = s - 2. What is the tens digit of s?
1
Suppose 5*v - 2*g = -283, 3*v + 71 = -5*g - 74. Let x = 180 - 272. Let u = v - x. What is the units digit of u?
7
Let w = 20 - 26. Let u(c) = 2*c**2 + 9*c + 11. What is the tens digit of u(w)?
2
What is the tens digit of -3*4/54 + (-195700)/(-180)?
8
Let g = 42 + -27. Let m = 116 - g. What is the tens digit of m?
0
Let r = -311 - -330. What is the tens digit of r?
1
Suppose -4*a - d = -33, 4 = a + 2*d + 1. Suppose -10*w + 11*w - a = 0. What is the units digit of w?
9
Let i(h) = -508*h**3 + h. What is the tens digit of i(-1)?
0
Suppose -2*d + 3 = -w, -24 = -2*d + 5*w - 9. Let j(f) = f**2. Let p be j(d). Let i = p + 5. What is the units digit of i?
5
Suppose -9*l + 1999 + 1565 = 0. What is the tens digit of l?
9
Let o(m) = 5*m**2 - 5*m - 4. Suppose -6*i - 3 = 3. What is the units digit of o(i)?
6
Let s(w) = -w**3 - 3*w**2 - 3*w + 4. Let x(q) = q**2 + 7*q + 1. Let p be x(-6). What is the tens digit of s(p)?
6
Suppose -2*i = i - 12. Let g be (i/(-5))/((-11)/1045). Suppose -j + 37 = b, 3*b + g = 3*j - b. What is the tens digit of j?
3
Suppose -1 = -4*t - 9. Let r be t/(-8) - 567/12. Let w = r + 84. What is the units digit of w?
7
Suppose -7*k + 4*k = -270. Suppose -n = 3*a - k, 4*a = -4*n + 222 + 98. What is the units digit of n?
5
Let y(q) = 85*q**2 - 105*q + 587. What is the hundreds digit of y(6)?
0
Suppose -o + 121 = -5*k, -2*o - 4*k = k - 197. What is the units digit of o + 6*3/6?
9
Suppose -2*y - 12 = -2*b - 2*b, -3*y + 10 = b. Suppose 3*v = -5*n + 52, n = -y*v + 36 + 1. What is the units digit of v?
9
Let t be (-16)/((-20)/5) + -1. Suppose -40 = -t*p + f, -7*f = p - 4*f. What is the tens digit of p?
1
Suppose -7*p + 12*p - 25 = 0. Suppose -5*x = 3*u - 168, 0 = -p*u + 3*u - 4*x + 110. What is the tens digit of u?
6
Suppose 3*s = 5*b + 1823, -3*b = 4*s - 5*b - 2454. What is the hundreds digit of s?
6
Suppose -5 - 3 = 4*w, 2443 = 5*k + w. What is the units digit of k?
9
Suppose -m = 5*v - 5, -3*v + 2*m = -3 + 13. Let f(d) = -d**3 - d**2 + d + 2. What is the units digit of f(v)?
2
Let d = 5 + -3. Suppose d*y + 2*y = -116. Let p = y + 50. What is the units digit of p?
1
Let x be (1 + 0)/((-6)/6). Let v be 0*(x + -2)/(-6). Suppose 61 = 2*t - l + 2*l, -t - l + 30 = v. What is the units digit of t?
1
What is the tens digit of 3619/14 + 4 - (-6)/4?
6
Let q(i) = 21*i + 29. What is the units digit of q(3)?
2
Suppose -25 = 5*x, 7*x - 2*x + 69 = 4*h. What is the tens digit of h?
1
Let f = 3 + -1. Suppose -f*w + 20 = 3*w. What is the units digit of 1/w + (-28)/(-16)?
2
Let s be ((-10)/8)/(23/(-92)). Suppose 5*f + l - s = 7, 0 = -3*f + 4*l + 21. What is the units digit of f?
3
Suppose 2*h = -4*i + 248, 2*h = -4*i + 2*i + 250. Let z(d) = -51*d + 2. Let w be z(-3). Suppose -4*t + w = g, 0*t = -3*t - 4*g + h. What is the tens digit of t?
3
Let t(b) = -116*b**2 - 8*b - 18. Let d be t(-2). Let r = d - -714. What is the tens digit of r?
4
Let l be (4/(-10))/((-3)/60). Let k be (-36)/(-10) - 0 - (-33)/(-55). What is the units digit of l/(-2) + k + 2?
1
Let n = -36 - -15. Let i = -12 - n. Suppose i*q = 14*q - 115. What is the units digit of q?
3
Suppose -4 = -x, 6*x - 12 = -5*m + 3*x. Let v(l) = 3 + l - 1 + 2. What is the units digit of v(m)?
4
What is the tens digit of ((-35)/(-15))/((-4)/(-18))*158?
5
Suppose -153 = -8*h + 167. Let v = h + 8. What is the units digit of v?
8
Suppose -3*j + 9 = -2*j. Suppose -4*b + j*b - 45 = 0. Let z(g) = -g**3 + 9*g**2 + g - 5. What is the units digit of z(b)?
4
Let r = -365 + 419. What is the tens digit of r?
5
Suppose 2*i + 1534 = 2*s, 0 = 2*s + 2*i - 430 - 1096. What is the units digit of s?
5
Let m = 10 - 3. Let d(u) be the third derivative of u**6/120 - 7*u**5/60 + u**4/12 + u**3/3 + 3*u**2. What is the units digit of d(m)?
6
Let o = -20 + -17. Let p = o - -7. Let t = p - -53. What is the tens digit of t?
2
Suppose 464*t + 10395 = 469*t. What is the units digit of t?
9
What is the tens digit of 6472/(-6)*8/(-48)*9?
1
Suppose 3*s = 0, 5*s = 3*o - 0*o + 27. Let h = -22 + 6. Let p = o - h. What is the units digit of p?
7
Let a = -10 - -7. Let o = -560 + 502. Let j = a - o. What is the units digit of j?
5
Suppose 0*g - 36 = -2*g. Suppose 342 = 3*t + g. What is the tens digit of t?
0
Let p = -7 + 13. Let j(f) = 43*f - 53. What is the hundreds digit of j(p)?
2
Suppose -63*b - 93 = -64*b. What is the tens digit of b?
9
Let k(m) = -m**3 - m**2 - 2*m + 407. What is the hundreds digit of k(0)?
4
Let o(r) = 72*r**2 + 19*r + 112. What is the hundreds digit of o(-5)?
8
What is the tens digit of (-120)/(-780) + 5562/13?
2
Suppose -5*j = 3*p - 10, -p + 8 = 2*j + 2*j. Suppose -4*n = -u - 4*u + 19, 0 = -2*n + j*u - 10. What is the units digit of 2/n*(-14 - 1)?
5
Suppose 5*x - 5*j - 20 = 0, -5*j = -0*x - x. Let f(c) = c**3 - 6*c**2 + 5*c - 3. Let b be f(x). Let p(a) = -9*a - 7. What is the tens digit of p(b)?
2
Suppose -u + c + 3*c = 317, 2*u + c + 616 = 0. What is the tens digit of u/(-9) + (-2)/6?
3
Let s be 4 + (-3 + 4 - -13). Let u = -16 + s. What is the tens digit of (-1)/(u/29)*-2?
2
Suppose 0 = -3*s + 4*s - 3. Suppose 2*m = 4*g + 12 + 12, s*m = g + 21. Let z(l) = l**2 - 2*l + 3. What is the tens digit of z(m)?
2
Let x = 85 + 202. Suppose -2*y - x = -9*y. What is the units digit of y?
1
Let t(j) = -j**2 - 13*j + 10. Let o be t(-13). Let c = -7 - -72. Let n = c - o. What is the tens digit of n?
5
Let s = 55 + -50. Suppose 0 = -4*r - 3*j + 425, s*r + 5*j - 183 = 347. What is the units digit of r?
7
Let m = 36 - 40. What is the units digit of ((-10)/3 - m)/((-4)/(-1314))?
9
Suppose -9*k = -3*k - 258. What is the units digit of 6/(-15)*k*(-9 - 1)?
2
Let j(t) = t**2 - 15*t + 16. Let o = 4 + 2. Suppose 2*c + o = 36. What is the tens digit of j(c)?
1
Suppose 14868 = -9*y + 27*y. What is the hundreds digit of y?
8
Let s(v) = -v**3 - 13*v**2 - 11*v - 14. Let j be s(-13). What is the tens digit of j + 4 + 0/1?
3
Let g = -10 - -3555. What is the tens digit of g?
4
Let o be 2*(-9 - 2 - -2). Let b = o - -13. What is the units digit of 8 + b + (-76)/(-4)?
2
Suppose 10*b = 13*b - 1548. What is the hundreds digit of b?
5
Let l(y) = -3*y + 14. Let a be l(4). Suppose 0 = -i - 2*f + 140, -7*i + a*i + 656 = -f. What is the tens digit of i?
3
Let r = 13 + -21. Let m be -3 - -6*((-5)/(-1))/10. Let s = m - r. What is the units digit of s?
8
Let a = 553 + -165. What is the units digit of a?
8
Let y = -1 + 33. What is the units digit of y?
2
Suppose 0*d + 34 = -2*d. Let c = d - -24. Suppose -5*t - c = -2*s, 3*t - 100 = -5*s - t. What is the tens digit of s?
1
Suppose -8*t = 226 - 2042. What is the tens digit of t?
2
Let w(y) = 3*y**2 - 7*y + 6. Let t = 43 + -5. Let b be t/6 - (-12)/(-9). What is the tens digit of w(b)?
4
Let k be 32/14 + 32/(-112). Suppose -122 = -k*c - 2*q, 5*q - 249 = -2*c - 2*c. Suppose -2*m + 38 = -c. What is the tens digit of m?
4
Let z(f) = -f**2 - 7*f - 8. Let r be z(-5). Suppose 0 = -r*k + 5*g + 209, 0 = -3*k - g - g + 323. What is the units digit of k?
7
Let i(p) = -2*p**2 - 22*p - 6. Let s be i(-9). Suppose 60 = 3*t - s. What is the uni